 = 126. What is the greatest common divisor of d and 240?
24
Let d be (-4)/6 - 164/(-3). Suppose 0*a + d = 3*a. Calculate the highest common divisor of a and 90.
18
Let m = 132 + -42. Calculate the highest common factor of 162 and m.
18
Suppose -l + 4 = 13. Let t = -9 - l. Suppose t*u = -3*u + 21. What is the highest common divisor of u and 14?
7
Let i = 38 + 4. Let z be 51/9 - 3*8/36. Suppose 2*k = -4*h - z + 115, -3*k = -h + 31. Calculate the highest common divisor of i and h.
14
Let s(j) = -j**3 - 38*j**2 - 42*j + 130. Let x be s(-37). What is the greatest common factor of x and 7?
7
Suppose -2*x + 52 = 2*x. Let m = 14 - 7. Suppose 728 = m*h + h. What is the highest common factor of h and x?
13
Let z = 942 - 865. Calculate the highest common factor of z and 11.
11
Let g(v) = -v - 2. Let o be g(-9). Suppose 2*f - 9 = -2*f + a, a = -1. What is the highest common divisor of f and o?
1
Suppose 11*l - 46 - 9 = 0. Suppose -3*j = -130 - l. Let o = 2 + 16. What is the highest common factor of o and j?
9
Let l(a) = -4*a + 11. Let y be l(8). Let b = -18 - y. Suppose -22 = 4*v - 9*v - b*n, -5*n = -20. What is the greatest common divisor of 3 and v?
1
Suppose 0 = 4*j + j, 2*v - 234 = 4*j. Suppose -2*p + v = -p. Let c = p + -69. What is the greatest common divisor of c and 24?
24
Suppose -3*j - j + 336 = 0. Calculate the highest common divisor of 588 and j.
84
Suppose 5*h + 18 + 67 = 0. Let a = h - -31. What is the highest common factor of a and 21?
7
Let c = 13020 + -12992. Let j = -250 + 446. What is the highest common factor of j and c?
28
Suppose 6*h - 8*h + t = -35, h - 15 = t. What is the greatest common divisor of h and 340?
20
Let d = 12 + -11. Let m = d - -14. Let g be ((-20)/m)/((-1)/24). What is the greatest common divisor of 4 and g?
4
Suppose q - 4*v - 2 = -6*v, -3*q + 26 = v. Let w be 27/5 - (-10)/(-25). Suppose 2*h = w*h - 12. Calculate the highest common divisor of q and h.
2
Let j(i) = -3*i - 46. Let n be j(-16). Suppose 2*v - 12 = -5*s, 3*s + n*v + 12 = 4*s. What is the highest common divisor of s and 10?
2
Let o(l) = 7*l**2 + 2*l - 5. Let p be o(-5). Let a = 2079 - 2015. Calculate the greatest common factor of a and p.
32
Let w be (10/25)/(1/20). Let y = 7 + -9. Let s be -4*(y - 2 - -2). What is the greatest common factor of w and s?
8
Suppose -4*c + 2*c = -6. Let a be 12/c + 42 + -1. What is the highest common divisor of 18 and a?
9
Let p(k) = k**3 + 15*k**2 - 11*k - 14. Let y be p(-14). Calculate the highest common factor of 192 and y.
48
Suppose 316*x = 292*x + 1152. Let s(w) = -w**2 + 4*w - 7. Let y be s(5). Let v be (2/(-4))/(1/y). Calculate the greatest common divisor of v and x.
6
Suppose c + 40 = -c. Let q = 0 - c. Let g be (-1)/(((-12)/15)/4). What is the greatest common divisor of q and g?
5
Let x be 1659/395*20/3. Suppose r - 924 = -2*r. What is the greatest common divisor of x and r?
28
Suppose 4*p - 6408 - 2856 = 0. Calculate the greatest common factor of p and 12.
12
Let d = -1031 - -1524. Calculate the greatest common divisor of 17 and d.
17
Suppose 0 = -4*y + 111 + 261. What is the greatest common factor of 217 and y?
31
Suppose -53*j = -8512 - 4844. What is the greatest common factor of j and 882?
126
Suppose -5*i + 0*i = 20. Let t be 12/(-24) + (-170)/i. Calculate the greatest common factor of 105 and t.
21
Let k = 829 + -773. What is the greatest common divisor of k and 8?
8
Suppose 95*k + 199 = 3*i + 94*k, -4*i = -k - 265. Calculate the greatest common factor of 198 and i.
66
Let w = 132 + -87. Let t(l) = -l**3 + 9*l**2 - 6*l + 4. Let v be t(7). Calculate the highest common divisor of v and w.
15
Suppose -2*m - 5*u + 24 = 0, 4*u = 2*u. Suppose 11*d = m*d - 2. Calculate the highest common divisor of 12 and d.
2
Suppose 680*x - 689*x = -315. Calculate the greatest common factor of 1085 and x.
35
Let q = -208 + 244. Calculate the highest common factor of q and 468.
36
Suppose 4*b - 4*b = -6*b. Suppose -3*o + b*h + 2*h = -5, -10 = -4*o + 2*h. What is the highest common divisor of o and 85?
5
Suppose -4*p + 70 = p. Suppose 2*b + 76 = 2*x - 2*b, -132 = -3*x - 3*b. What is the highest common factor of p and x?
14
Let j(x) = -68*x**2 + 2*x + 2. Let u = 11 - 12. Let f be j(u). Let h be (-1)/8 - f/32. Calculate the highest common factor of h and 18.
2
Suppose -180 = j - 6*j. Let a(r) = -3*r + 3. Let n(u) = -u - 3. Let v be n(0). Let g be a(v). Calculate the greatest common factor of g and j.
12
Suppose 19*m = 18*m + 19. Calculate the highest common divisor of 19 and m.
19
Let s(x) = -2*x + 8. Let q = 29 + -35. Let d be s(q). What is the greatest common factor of 30 and d?
10
Let s be (-1)/(-2)*(174 - 14). Calculate the highest common factor of s and 60.
20
Suppose 40*v = 299 + 1261. What is the greatest common divisor of v and 624?
39
Suppose -2*b = -a + 12, a + 5*b + 8 = -2*a. Let v = -1346 - -1356. What is the greatest common factor of v and a?
2
Suppose 4*t + 2261 = 3*j, 0 = 4*j + 5*t - 3*t - 2978. Calculate the greatest common divisor of j and 83.
83
Suppose 14*z - 132 = 3*z. Calculate the highest common divisor of z and 88.
4
Let u = 22 - -5. Let k = -12 + u. Let y = 64 + -19. What is the highest common divisor of k and y?
15
Let g be 1330/20 - 3/(-6). Calculate the greatest common factor of g and 201.
67
Let f = -106 - -148. Let i = -39 + f. Calculate the highest common divisor of i and 30.
3
Let s = -800 - -817. What is the greatest common factor of s and 221?
17
Let f be (-534)/((-24)/16*(-1)/(-2)). Calculate the greatest common divisor of 267 and f.
89
Let f be (-16)/(-24) + (-26)/(-6) - -445. Calculate the highest common factor of f and 270.
90
Let s(m) = -5*m - 40. Let k(z) = -2*z - 13. Let t(x) = 11*k(x) - 4*s(x). Let o be t(7). Suppose -3*p = -o - 24. What is the greatest common divisor of p and 45?
9
Suppose -4*d + 81 = -111. Let x be 39/((-1404)/(-120))*((-26)/(-10) + 1). What is the greatest common divisor of x and d?
12
Suppose z = -3 + 20. Let g(p) = -p**2 + 19*p - 16. Let q be g(z). Calculate the greatest common divisor of q and 18.
18
Suppose -4 = -5*w + g + 3*g, -5*w + 2*g + 2 = 0. Suppose -6*l + 54 + 162 = w. Calculate the greatest common factor of l and 4.
4
Suppose 2*f - 43 = -j, 3 - 6 = j. Suppose -2*q = q - 6. Suppose 1 = q*n - f. What is the highest common factor of 12 and n?
12
Let g be 4*(-632)/(-96)*39. What is the highest common divisor of 52 and g?
13
Suppose 5*d + 5*p - 40 = 0, 3*d - 34 = -6*p + p. Let w be ((-4)/(-10))/((-3)/(-150)). Let f be -34*(w/8 - d). Calculate the greatest common factor of f and 34.
17
Let n(i) = i**3 - 6*i**2 + i + 6. Let w be n(5). Suppose 0 = 4*l - 2*l + 48. Let y = w - l. Calculate the greatest common divisor of 5 and y.
5
Let w = -40 + 42. Suppose 49 = 5*g + 4*q, 3 - 18 = -w*g + 3*q. What is the greatest common factor of g and 1?
1
Let p(h) = 3*h**2 + 8*h + 4. Let l be p(-3). Calculate the highest common factor of 91 and l.
7
Let y = -67 - -79. Let f be 58 + 4/y*6. What is the greatest common divisor of 12 and f?
12
Let q be (-2 + 3)/((-23)/(-11753)). What is the highest common factor of q and 292?
73
Suppose -2*d + 4 = -2*p - 24, 4*p - 25 = -5*d. Suppose -d = -2*q + 41. Let m = 8 - -2. Calculate the highest common divisor of m and q.
5
Let p(t) = 16*t + 16. Let n be p(7). What is the highest common factor of 80 and n?
16
Let r be 34671/52 - (1 + 10/(-8)). Let x = -457 + r. What is the greatest common factor of 30 and x?
30
Let i(b) = -26*b + 27. Let r be i(-3). Calculate the highest common factor of 14 and r.
7
Let j = -22 - -37. Suppose -6*r + 2*r = -3*w, r - j = -3*w. Suppose -2*q + 3*q - 11 = -r*y, -5*y + 5 = -q. What is the highest common divisor of 5 and q?
5
Let k = 39 - -59. Calculate the greatest common factor of k and 21.
7
Let k(y) be the second derivative of -6*y + 1/20*y**5 - 7/6*y**3 + 5/12*y**4 - y**2 + 0. Let u be k(-6). What is the highest common factor of 16 and u?
4
Let d(r) = r**2 - 16*r + 19. Let a be d(15). Let n be (-24)/(56/(-12) + a). What is the greatest common factor of n and 9?
9
Suppose 0 = -x + 5*i + 4, 5*x + 2*i = -i + 48. Suppose -6*q + q = 0. Let z(o) = -7*o + 9. Let u be z(q). Calculate the highest common divisor of x and u.
9
Let p be (-1*16/(-10))/((-1)/(-25)). Suppose -7*n - n = -p. Calculate the greatest common factor of